2*d**3 - 4*d**2 + 9*d - 2. What is the tens digit of l(5)?
9
Let q = -18 - -26. Suppose -2*y + q = 2*y. Suppose -20 = -y*f - 2*f. What is the units digit of f?
5
Suppose -25*i = -7*i - 6012. What is the units digit of i?
4
Let k be (-521)/(-5) - (-1)/(-5). Suppose 0 = -m + 5*m - k. Suppose x + x = 4*p + m, 2*x = -p + 16. What is the units digit of x?
9
Suppose 5*m = 6*m - 3. Suppose -30 + 3 = m*p. What is the units digit of (0 - -2)/((-2)/p)?
9
Let h = 3 + -11. Let s = -2 - h. What is the units digit of s?
6
Suppose a + 12 = 4*a. Suppose -5*s + 10 = a*w, 5*w + 2*s - 23 = s. What is the units digit of w?
5
Let a be (-10)/(-4) - 1/2. Let x be (-5)/30 + 50/12. Let w = a + x. What is the units digit of w?
6
Suppose 5*q = -0*q + n - 13, -2*n = 5*q + 4. What is the units digit of (-2)/(0/(-2) + q)?
1
Suppose -3*g + g + 5*t = -124, 0 = 3*g + 4*t - 209. Suppose 0 = -5*v + g + 58. What is the units digit of v?
5
Let q = 7 + -4. Let w = q + 1. Suppose -8 = -4*s + 6*s - w*x, 2*s - 24 = -4*x. What is the units digit of s?
4
Let r be (4/(-6))/(6/(-45)). Let g = r - 3. Suppose g = -4*a + 6. What is the units digit of a?
1
Suppose -80 = -4*z + 3*t, -4*z = -t - 4*t - 80. Suppose 4*r + 12 = -2*c, -4*r - 4*c - z = -0*r. What is the tens digit of (0 + r)/((-3)/39)?
1
Let c be 0 + 1 - 3*-66. Suppose -5*l + 26 + c = 0. What is the tens digit of l?
4
Suppose -5*m + 5 = 3*s, -5*m - 2 = 5*s - 7. Let t = 3 - s. What is the units digit of t?
3
What is the units digit of 1*-4 + 4/(-8)*-466?
9
Let y = 9 + -5. Suppose -3*v = -0*v - 42. Suppose -y*a = -v - 6. What is the units digit of a?
5
Let j(m) = -m + 8. Let y be j(5). Suppose -y*r + 2*n + 74 = 4*n, -2*r + n + 61 = 0. What is the units digit of r?
8
Let h(a) = 1 - 2 + 2*a**2 - a**2 + 4*a. What is the units digit of h(-5)?
4
Let u(t) = -t**3 + 10*t**2 + t + 8. What is the hundreds digit of u(7)?
1
Suppose 4 + 0 = 2*p. Let m be (0 + (-7)/p)*2. Let b = m - -11. What is the units digit of b?
4
Let r(d) = d**2 - 4*d - 5. Let f be r(6). Suppose f*s - 2 = 5*s. What is the units digit of s?
1
Suppose 0 = -3*y - 2*y + 25. Let i be 1*y*(-16)/20. Let b = i + 7. What is the units digit of b?
3
Let y be -2*1/(-2) + -24. Let s = 2 - y. Suppose 5*k = m - s + 68, -k - 3*m + 15 = 0. What is the units digit of k?
9
Let z(x) = 2*x**2 - 7*x - 1. Let d be z(6). Suppose 5 - d = -4*b. What is the units digit of b?
6
Let z(j) = -25*j + 0 - 5 + 5. What is the units digit of z(-1)?
5
Let x = -128 - -54. Let u = x + 104. Suppose -w - u = -6*w. What is the units digit of w?
6
Let t = 2 + -2. Let a(w) = -w. Let d be a(t). Let n = d - -3. What is the units digit of n?
3
Let c be 1/((-2)/(-8)*2). Suppose v - c*v + m = -17, -4*m - 38 = -2*v. What is the units digit of v?
5
Let u = -20 - -65. Suppose -w = -4*w + u. What is the tens digit of w?
1
Let s be (7/7)/(2/14). Let m = -16 + s. What is the units digit of (-2 - -4)*m/(-2)?
9
Suppose 4*b = -3*u + 538, -2*b = 3*b - 4*u - 657. What is the hundreds digit of b?
1
Suppose 5*p - 138 + 23 = 0. What is the tens digit of p?
2
Let b be (0*(-2)/6)/(-1). Suppose 5*g = 20, -5*i - 3*g + 176 - 49 = b. What is the tens digit of i?
2
Let u(r) = 0*r - r + 2*r - 3. Let s be u(0). Let x = 15 + s. What is the units digit of x?
2
Let s be -4 + 17 - 4/2. Let n = 20 - s. Suppose -4*j + 3*j + n = 0. What is the units digit of j?
9
Suppose 2*m - 138 = 5*t, -5*m - 3*t + 361 = -46. What is the tens digit of m?
7
Suppose 0 = -4*s + 104 + 16. Suppose 0 = -9*r + 4*r + 5*p - 10, 5*r - s = -3*p. Suppose 3*x - 52 = -5*f - 0*f, 24 = x + r*f. What is the units digit of x?
9
Let j be (-2)/(-3) + 1372/21. Let v = j + -36. What is the units digit of v?
0
Let z = 95 - 37. What is the tens digit of z?
5
Suppose 0 = l + 2*l + 18. Let w(d) = -d - 2. What is the units digit of w(l)?
4
Let r be 7 - 9/(3 - 0). Suppose 4*u + 2*h = 46, 2 = -r*u + h + 45. What is the units digit of u?
1
Let y = 38 - 22. Let k = y + -11. Suppose 0 = u - 2*n - 14, 2*u - k*n = 23 + 2. What is the units digit of u?
0
Let j = -28 - -64. What is the tens digit of j?
3
Suppose 0 = p - 15 - 15. Suppose -2 = 4*j + 3*x - 26, -5*j = -5*x - p. Suppose -4*h = -j*h + 14. What is the units digit of h?
7
Let b(x) = -x**2 + 11*x - 4. Let u be (-52)/(-8) + 2/4. What is the units digit of b(u)?
4
Suppose 5*f + 4*m = 260 + 749, 0 = 3*f - 5*m - 598. What is the units digit of f?
1
Let i(f) = -68*f**2 - 1 + 69*f**2 + 6 - f. What is the units digit of i(-4)?
5
Let n = -7 - -12. Let u = n - -11. What is the units digit of u?
6
Let g = 55 + -11. Suppose -5*b = -b - g. What is the tens digit of b?
1
Let o(w) = 0*w**3 + 10*w**2 - 3 + 0*w + 0*w**2 + 6*w + w**3. What is the units digit of o(-9)?
4
Suppose 2*r + 176 = 4*m, -4*r - 58 = m - 2*m. Let g = 9 + 4. Suppose -11 = -n - 5*h, 5*n + h - g = m. What is the units digit of n?
1
Let u(l) = -l**3 + 8*l**2 - 3*l + 5. What is the units digit of u(6)?
9
Suppose 0 = 4*g + 2*w - 56, 4*g - 35 = w + 9. Suppose 0 = a - 0*a - g. What is the units digit of a?
2
Let t(d) = 7*d**2 - d + 6. Let o(p) = 6*p**2 - 2*p + 5. Let q(m) = 5*o(m) - 4*t(m). What is the units digit of q(4)?
9
Let l be (-4)/14 - 240/(-7). Suppose -d - j = -l, 2*j - 74 = -2*d - 2*j. Suppose -7*i + 3*i - 13 = -3*t, 3*t = -5*i + d. What is the units digit of t?
7
Let z(q) = q**2 + q - 3. Let u(o) = -2*o**3 - 4*o**2 - 4*o - 3. Let g be u(-2). What is the tens digit of z(g)?
2
Let v = 98 - 43. What is the tens digit of v?
5
Let z = 60 + -57. What is the units digit of z?
3
Let k be -1*(2 - (-3)/(-1)). Let x be 0 - (-2 - (2 + k)). Suppose -i + x*d + 1 = 8, -9 = -3*d. What is the units digit of i?
8
Suppose -4*s = -7*s + 4*c - 8, -4 = -2*c. Suppose 2*x - 1 = -3*y, 8 = x - s*x - y. What is the units digit of x?
5
Let k(p) = 1. Let y(f) = -f**2 + 5*f - 5. Let c(w) = -6*k(w) - y(w). What is the tens digit of c(-4)?
3
Let j(n) = -3*n - 3. Let d be j(-2). Suppose d*b - 2 = -5. What is the units digit of b - (2 + (0 - 5))?
2
Suppose -4*d - y = 68, d - 5*y = -3*d - 92. What is the units digit of 1/6 + (-465)/d?
6
Let f be -1*(-12)/(4/2). Suppose -u + 3*q = -f, 4*q = -0*q + 4. What is the units digit of u + (-1 - (1 + -1))?
8
Suppose h - 2*d - 34 = -4*h, 0 = -2*d + 6. What is the units digit of h?
8
Let m = 0 - -28. Suppose 5*w + 8 - m = 0. What is the units digit of w?
4
Let q = -1 + 0. Let d(w) = -5*w - 1. Let k(t) = 6*t + 1. Let l(r) = 3*d(r) + 2*k(r). What is the units digit of l(q)?
2
Let u(b) = -b**2 - 14*b - 9. Let q be u(-13). What is the units digit of 21/2 + 2/q?
1
Let h = 59 + 6. What is the units digit of h?
5
Suppose 4*d - 7*d = 0. What is the units digit of (-21)/(d + 12/(-8))?
4
What is the units digit of 5890/93*(-2 + 68/10)?
4
Let k = 164 + 52. What is the hundreds digit of k?
2
Let y = 124 - 44. What is the units digit of y?
0
What is the units digit of 0/(-5) + 23*1?
3
Let h(k) = k**3 - 3*k**2 + k + 4. Let u be 2*3/8*4. What is the units digit of h(u)?
7
What is the units digit of (6 - -130)*(3 + -2)?
6
Let b(o) = -122*o**3 - o**2 - o - 1. What is the hundreds digit of b(-1)?
1
Let k be (2 + 15/(-6))*-28. What is the units digit of 1 - 1/((-2)/k)?
8
Suppose -3*y - 2*a = -301, -y = 2*y + 3*a - 300. What is the tens digit of y?
0
Let i(k) = 2*k**3 - 2*k**2 + 2*k - 2. Suppose 4*a + 5*o - 8 = 0, 0*a + 4*a - 2*o - 8 = 0. What is the units digit of i(a)?
0
Suppose -9 = 3*i, -b + 0*i = -4*i - 12. Suppose 0 = k - b*k. Suppose 3*h + k*h = 24. What is the units digit of h?
8
Let n(m) = 4*m**2 + 3*m**2 + m**3 - m - 4*m**2. What is the units digit of n(-2)?
6
Let z = 40 + -20. What is the units digit of z?
0
Let f = 44 - 27. What is the units digit of f?
7
Let p(g) = -2*g**3 + 2*g + 4. What is the units digit of p(-2)?
6
Suppose -p + 2*p - 3 = 0. Suppose -4 + p = j. What is the units digit of 12/j*3/(-2)?
8
Suppose -k + 0*a = -4*a - 24, -5*k + 2*a = -192. Let f = k + -24. What is the units digit of f?
6
Let z be (-1 - -1)/((-7)/(-7)). Suppose v + 3 = -z*v. Let a(h) = h**2 - h - 3. What is the units digit of a(v)?
9
Suppose 5*q - 3*c = -6*c - 2, -3*c = -3*q + 18. Let b(s) be the first derivative of 2*s**3 - 3*s**2/2 - 2. What is the units digit of b(q)?
8
What is the units digit of ((-28)/(-12) + -3)*-33?
2
Suppose -4 = -4*a - 56. Let j = 23 + a. What is the units digit of j?
0
Suppose